 divided by 117?
100
What is the remainder when 39091409 is divided by 818?
7
Calculate the remainder when 5724499 is divided by 4231.
4187
Calculate the remainder when 321485 is divided by 45924.
17
Calculate the remainder when 1943942 is divided by 17052.
14
What is the remainder when 24870599 is divided by 147?
110
Calculate the remainder when 825827 is divided by 63525.
2
What is the remainder when 24340039 is divided by 14234?
14133
Calculate the remainder when 15801 is divided by 954.
537
What is the remainder when 1410728 is divided by 1770?
38
Calculate the remainder when 6290795 is divided by 175.
70
Calculate the remainder when 4294771 is divided by 2050.
21
Calculate the remainder when 60842 is divided by 20.
2
Calculate the remainder when 1683742 is divided by 99.
49
What is the remainder when 814482 is divided by 41?
17
Calculate the remainder when 174874011 is divided by 2898.
2895
Calculate the remainder when 191142 is divided by 95554.
34
Calculate the remainder when 227096 is divided by 5280.
56
Calculate the remainder when 477590174 is divided by 223.
217
What is the remainder when 104299 is divided by 1146?
13
What is the remainder when 1386377 is divided by 9?
8
What is the remainder when 1486257 is divided by 53?
31
What is the remainder when 4344990 is divided by 500?
490
What is the remainder when 179867827 is divided by 12?
7
Calculate the remainder when 760243 is divided by 192.
115
Calculate the remainder when 2044631 is divided by 1195.
1181
What is the remainder when 704492 is divided by 13543?
256
Calculate the remainder when 105035425 is divided by 16.
1
Calculate the remainder when 9212636 is divided by 77417.
13
What is the remainder when 2654207 is divided by 91?
10
What is the remainder when 2645007 is divided by 357?
351
Calculate the remainder when 315253 is divided by 62970.
403
What is the remainder when 5181230 is divided by 25030?
20
What is the remainder when 170852 is divided by 170852?
0
Calculate the remainder when 1343182 is divided by 20985.
142
Calculate the remainder when 16995285 is divided by 1241.
1031
Calculate the remainder when 693793 is divided by 746.
13
Calculate the remainder when 425279140 is divided by 3.
1
Calculate the remainder when 208642 is divided by 14.
0
What is the remainder when 570576 is divided by 95096?
0
What is the remainder when 71051 is divided by 71031?
20
What is the remainder when 5353752 is divided by 9013?
30
What is the remainder when 1506319 is divided by 1223?
806
What is the remainder when 4540643 is divided by 412?
403
What is the remainder when 2896059 is divided by 160892?
3
Calculate the remainder when 13085213 is divided by 231.
218
Calculate the remainder when 219376 is divided by 493.
484
What is the remainder when 1177006 is divided by 153?
130
Calculate the remainder when 360499 is divided by 10868.
1855
Calculate the remainder when 24596884 is divided by 359.
358
Calculate the remainder when 1642336 is divided by 2476.
748
What is the remainder when 124404 is divided by 24778?
514
Calculate the remainder when 7965623 is divided by 19.
6
What is the remainder when 4360660 is divided by 77?
73
What is the remainder when 223530 is divided by 90?
60
Calculate the remainder when 3732948 is divided by 2336.
20
Calculate the remainder when 11665 is divided by 9660.
2005
What is the remainder when 3734692 is divided by 138?
136
What is the remainder when 2260960 is divided by 606?
580
Calculate the remainder when 191617 is divided by 2590.
2547
Calculate the remainder when 526755 is divided by 12294.
10407
What is the remainder when 174209 is divided by 295?
159
Calculate the remainder when 1200117633 is divided by 600058812.
9
Calculate the remainder when 62089946 is divided by 118.
116
What is the remainder when 101500997 is divided by 20?
17
Calculate the remainder when 467059 is divided by 571.
552
Calculate the remainder when 540162 is divided by 9798.
1272
Calculate the remainder when 59063 is divided by 96.
23
What is the remainder when 241092 is divided by 16?
4
Calculate the remainder when 84351 is divided by 2112.
1983
What is the remainder when 31162336 is divided by 117?
88
What is the remainder when 256520 is divided by 23271?
539
What is the remainder when 478825 is divided by 159607?
4
Calculate the remainder when 3365921 is divided by 673178.
31
Calculate the remainder when 26601923 is divided by 83.
8
What is the remainder when 134142 is divided by 67045?
52
What is the remainder when 818132 is divided by 1070?
652
What is the remainder when 1519322 is divided by 393?
377
What is the remainder when 7164746 is divided by 53?
47
Calculate the remainder when 35048234 is divided by 2081.
32
What is the remainder when 12078 is divided by 186?
174
What is the remainder when 255548980 is divided by 1247?
23
Calculate the remainder when 759438 is divided by 1144.
966
What is the remainder when 1351299 is divided by 15?
9
What is the remainder when 61822653 is divided by 66?
57
What is the remainder when 19533 is divided by 9752?
29
Calculate the remainder when 111651 is divided by 2938.
7
Calculate the remainder when 10696991 is divided by 295.
291
What is the remainder when 265994 is divided by 2796?
374
Calculate the remainder when 44613154 is divided by 402.
400
Calculate the remainder when 1451 is divided by 382.
305
Calculate the remainder when 2686633 is divided by 46.
3
What is the remainder when 2532125 is divided by 857?
547
What is the remainder when 2609660 is divided by 869883?
11
What is the remainder when 1432882 is divided by 33?
22
What is the remainder when 533195 is divided by 627?
245
What is the remainder when 1929144 is divided by 89?
69
What is the remainder when 4586977 is divided by 139?
116
What is the remainder when 736727 is divided by 208?
199
What is the remainder when 8369165 is divided by 543?
449
What is the remainder when 45604 is divided by 11257?
576
What is the remainder when 92266486 is divided by 8?
6
Calculate the remainder when 2411772 is divided by 32.
28
Calculate the remainder when 478661 is divided by 9792.
8645
Calculate the remainder when 314477 is divided by 2526.
1253
Calculate the remainder when 1534513 is divided by 3410.
13
What is the remainder when 1426176 is divided by 32?
0
Calculate the remainder when 71292 is divided by 1422.
192
What is the remainder when 661222 is divided by 1084?
1066
What is the remainder when 2638169 is divided by 1746?
1709
Calculate the remainder when 925887 is divided by 255.
237
What is the remainder when 353416903 is divided by 49728?
7
Calculate the remainder when 3582711 is divided by 3667.
52
Calculate the remainder when 1069223 is divided by 15494.
137
What is the remainder when 1164598 is divided by 1683?
1645
Calculate the remainder when 31302299 is divided by 144918.
11
Calculate the remainder when 217892993 is divided by 411896.
9
What is the remainder when 602053 is divided by 11804?
49
Calculate the remainder when 21835 is divided by 10157.
1521
What is the remainder when 3805309 is divided by 73?
38
Calculate the remainder when 1061740 is divided by 3598.
330
Calculate the remainder when 34481408 is divided by 12752.
0
What is the remainder when 20910 is divided by 906?
72
Calculate the remainder when 336285 is divided by 1137.
870
Calculate the remainder when 6572836 is divided by 2190936.
28
Calculate the remainder when 79423 is divided by 19361.
1979
What is the remainder when 19445144 is divided by 6336?
6296
Calculate the remainder when 175313 is divided by 1163.
863
What is the remainder when 9056797 is divided by 3091?
167
What is the remainder when 2173195 is divided by 1148?
31
Calculate the remainder when 1363729454 is divided by 23.
22
Calculate the remainder when 10904 is divided by 647.
552
What is the remainder when 12113625 is divided by 990?
975
Calculate the remainder when 941733 is divided by 941611.
122
What is the remainder when 412801 is divided by 1591?
732
Calculate the remainder when 59021 is divided by 2995.
2116
Calculate the remainder when 2440298 is divided by 480.
458
What is the remainder when 21883 is divided by 10312?
1259
What is the remainder when 70904291 is divided by 1463?
1459
What is the remainder when 2452980 i